.
4
Let v(n) = -n**3 + 8*n + 21. Calculate v(0).
21
Let r(p) = -4*p**2 - 3*p - 4. Give r(-3).
-31
Let c(g) = -g**3 + 11*g**2 + 14*g - 2. Calculate c(12).
22
Let p(u) = 6*u**2 + 7*u - 5. What is p(2)?
33
Let r(a) = a**2 + 10*a + 2. Determine r(-7).
-19
Let y(f) = 3*f**2 - 3*f + 5. Determine y(4).
41
Let j(u) = -u**2 + 1. Give j(-2).
-3
Let p(a) = -6*a**3 - a**2 + 3*a - 1. Calculate p(1).
-5
Let b(h) = 5*h - 14. What is b(3)?
1
Let d(r) = -r**2 + r + 1. Calculate d(-4).
-19
Let v(u) = -u**2 - 4*u. Give v(-7).
-21
Let b(f) = 8*f**2 + f + 1. Give b(2).
35
Let q(b) = -b**3 - b - 7. Give q(0).
-7
Let a(h) = 5*h + 72. Give a(-14).
2
Let i(x) = -11*x - 17. Give i(-7).
60
Let z(q) = -q**3 - 4*q**2 - 6*q - 6. Give z(-3).
3
Let z(s) = s**3 + 2*s**2 - 12*s + 8. Determine z(-5).
-7
Let u(z) = -z**3 + 5*z**2 - z + 2. Calculate u(4).
14
Let z(g) = 8*g + 23. Give z(6).
71
Let g(b) = -4*b**2 - 7*b - 1. Calculate g(-2).
-3
Let u(y) = 19*y**2 + y. What is u(-1)?
18
Let q(l) = -2*l**2 + 18*l + 7. Give q(9).
7
Let m(o) = o**2 + 13*o + 4. Determine m(-5).
-36
Let i(p) = p**3 - 6*p**2 - 6*p - 10. What is i(8)?
70
Let f(q) = q**3 + q**2 + 1. Determine f(-1).
1
Let n(y) = y**3 - 11*y**2 - 13*y + 2. What is n(12)?
-10
Let y(t) = -2*t**3 - 11*t**2 - 14*t - 3. Give y(-3).
-6
Let z(v) = -61*v - 5. What is z(-1)?
56
Let n(w) = w**3 - w - 1. Give n(4).
59
Let a(f) = f**2 + 13*f - 5. Give a(-13).
-5
Let t(n) = -3*n + 32. Give t(7).
11
Let u(x) = x**2 + 10*x + 30. Give u(-5).
5
Let x(r) = 2*r + 148. What is x(-37)?
74
Let z(a) = -a**2 - 8*a + 1. What is z(-9)?
-8
Let h(i) = 25*i**2 - 201*i + 4. Calculate h(8).
-4
Let k(d) = -d**2 - d - 4. Give k(0).
-4
Let b(q) = -2*q**2 + 13*q - 2. Give b(6).
4
Let x(t) = 3*t**2 + t. Determine x(-4).
44
Let y(u) = -2*u**2 - 17*u - 14. Calculate y(-7).
7
Let u(k) = -k + 7. Calculate u(7).
0
Let j(n) = n**2 - n. Calculate j(2).
2
Let x(l) = -4*l**3 - 2*l**2 - 4*l - 10. Determine x(-3).
92
Let w(o) = 5*o + 28. Determine w(-4).
8
Let m(a) = a**3 + 4*a**2 - 15*a + 6. What is m(2)?
0
Let v(q) = 5*q**3 - 2*q**2 - 5*q - 4. Give v(-1).
-6
Let l(i) = -5*i**2 - 5*i - 4. Give l(-2).
-14
Let u(r) = r**3 + 7*r**2 - 8*r + 3. Determine u(-8).
3
Let k(s) = 2*s**2 + 25*s - 16. Calculate k(-13).
-3
Let n(t) = -t**3 - 1. Calculate n(0).
-1
Let u(s) = -2*s + 31. Determine u(13).
5
Let z(f) = f**2 - 3*f - 8. Determine z(5).
2
Let i(p) = -15*p**2 - p + 8. Calculate i(2).
-54
Let t(d) = 12*d + 82. Give t(-6).
10
Let b(v) = -v**3 + 8*v**2 - 3*v - 10. What is b(8)?
-34
Let d(y) = -5*y**2 + y. Determine d(1).
-4
Let p(u) = 12*u + 5. Calculate p(4).
53
Let w(f) = -2*f - 7. Determine w(-5).
3
Let n(o) = o**2 + 15*o + 40. Determine n(-13).
14
Let v(i) = -i**3 - 6*i**2 - 2*i. Give v(-6).
12
Let q(h) = -2*h + 2. What is q(2)?
-2
Let g(r) = -r**3 + 24*r**2 + 80*r + 32. Give g(27).
5
Let q(r) = -r**3 - r**2 + 3*r - 3. Determine q(-4).
33
Let l(k) = -k**3 + 4*k**2 - 2*k + 4. Give l(5).
-31
Let m(r) = r**2 + 3*r - 424. Give m(19).
-6
Let k(y) = 4*y - 7. Give k(6).
17
Let f(k) = -k**3 - k**2 - k + 15. Calculate f(3).
-24
Let b(c) = -c**3 + 9*c**2 - 21*c + 7. Determine b(5).
2
Let v(k) = k**3 - 5*k**2 + 3*k - 2. Give v(2).
-8
Let p(r) = r**2 + 2*r + 15. What is p(-9)?
78
Let s(d) = -43*d + 347. Give s(8).
3
Let l(v) = 4*v - 7. Determine l(2).
1
Let y(r) = -12*r - 828. What is y(-69)?
0
Let d(t) = -15*t**2 - t + 1. Calculate d(1).
-15
Let k(y) = 23*y. Give k(1).
23
Let b(p) = -p**3 - 7*p**2 + 9*p - 9. What is b(-8)?
-17
Let k(d) = -d**3 + 3*d**2 - 9*d + 4. Determine k(5).
-91
Let k(j) = -j**2 + 9*j + 21. What is k(12)?
-15
Let g(b) = b + 11. Determine g(-7).
4
Let x(k) = -56*k**2 - k. Determine x(1).
-57
Let i(l) = -2*l**2 + 39*l - 16. Determine i(19).
3
Let d(f) = -8*f**2 + 19*f + 1. Determine d(2).
7
Let u(a) = -21*a + 8. Give u(2).
-34
Let o(d) = -12*d - 2. What is o(2)?
-26
Let m(b) = -3*b - 5. Give m(-6).
13
Let x(c) = c**2 + c + 4. Give x(-6).
34
Let r(l) = l**3 + 24*l**2 - l - 21. Calculate r(-24).
3
Let f(t) = -t**3 + 8*t**2 - 2*t + 3. Give f(6).
63
Let y(b) = -b**3 + 24*b**2 + 27*b - 52. What is y(25)?
-2
Let h(v) = v**2 + 5*v + 13. Calculate h(-6).
19
Let a(y) = y - 25. What is a(9)?
-16
Let c(g) = -g**3 - 11*g**2 + 5*g + 11. Determine c(-11).
-44
Let x(t) = 75*t**3 + t + 1. What is x(-1)?
-75
Let q(k) = 9*k - 51. Calculate q(8).
21
Let x(r) = -r**3 + 5*r**2 + r + 6. What is x(6)?
-24
Let u(b) = -7*b + 2. Give u(3).
-19
Let m(v) = -5*v + 74. What is m(15)?
-1
Let v(k) = -13*k + 5. Determine v(0).
5
Let l(s) = 2*s + 32. Determine l(-6).
20
Let j(h) = 3*h**2 - 3*h - 2. Determine j(-3).
34
Let b(y) = -y**2 - 15*y - 10. What is b(-10)?
40
Let i(w) = -w**3 + 16*w**2 + 14*w + 58. Calculate i(17).
7
Let f(y) = y**3 - 4*y**2 + 2*y + 7. What is f(-3)?
-62
Let j(x) = x**3 - 7*x**2 + x - 8. Give j(7).
-1
Let m(h) = -h**2 - 17*h - 3. Give m(-6).
63
Let f(i) = -2*i**2 + 18*i + 1. Calculate f(9).
1
Let d(n) = n**3 + 5*n**2 - 3*n - 15. What is d(-5)?
0
Let l(y) = y + 1. Calculate l(5).
6
Let u(s) = 28*s + 29. Determine u(-6).
-139
Let p(v) = v**2 + 17*v + 61. Give p(-12).
1
Let h(r) = r**2 + 13*r - 83. Determine h(5).
7
Let c(h) = h**3 - 32*h**2 + 58*h + 40. Give c(30).
-20
Let k(l) = -l**3 + 5*l**2 + 7*l - 17. Determine k(2).
9
Let a(w) = 2*w + 2. Give a(15).
32
Let k(t) = 3*t + 10. Calculate k(-8).
-14
Let m(x) = -2*x**2 - 6*x + 3. Give m(-4).
-5
Let m(k) = 27*k - 440. Determine m(16).
-8
Let r(o) = -o**2 - 14*o - 11. What is r(-11)?
22
Let w(s) = -s**3 - 9*s**2 + 20*s - 24. What is w(-11)?
-2
Let d(x) = x**2 - 11*x + 42. Calculate d(5).
12
Let k(w) = 6*w + 104. What is k(-15)?
14
Let y(n) = 6*n + 9. What is y(-20)?
-111
Let s(y) = 14*y - 2. Calculate s(-9).
-128
Let a(w) = -13*w + 56. What is a(4)?
4
Let r(h) = 2*h**3 - 14*h**2 + 13*h + 28. What is r(5)?
-7
Let r(n) = -2*n. Calculate r(-7).
14
Let g(o) = o**3 + 3*o**2 + 8*o + 21. Determine g(-3).
-3
Let y(x) = -2*x**2 + 7*x + 5. Calculate y(4).
1
Let t(h) = 14*h - 384. Determine t(27).
-6
Let c(x) = x - 22. Calculate c(-6).
-28
Let v(l) = -10*l - 1. Calculate v(-1).
9
Let j(t) = t - 1. What is j(12)?
11
Let a(p) = p**3 - 3*p**2 + 4*p - 3. Calculate a(3).
9
Let p(i) = 4*i + 23. Calculate p(-7).
-5
Let h(i) = -12*i - 14. Determine h(-5).
46
Let f(w) = -40*w. Determine f(1).
-40
Let i(y) = -y**3 - 4*y**2 + 6*y + 10. Calculate i(-6).
46
Let b(y) = 3*y**2 - 192*y + 4. What is b(64)?
4
Let c(p) = -4*p - 3. Give c(-6).
21
Let p(q) = -16*q - 76. What is p(-5)?
4
Let c(f) = 145*f + 1008. Calculate c(-7).
-7
Let o(f) = -f**3 + 11*f**2 + 17*f - 15. Give o(12).
45
Let u(g) = -2*g + 9. Determine u(3).
3
Let x(f) = 2*f**2 - 25*f + 108. Calculate x(5).
33
Let k(s) = 3*s**3 - 4*s - 3. Determine k(-1).
-2
Let c(t) = -t**3 + 7*t**2 - 8*t - 14. Calculate c(5).
-4
Let t(a) = -2*a + 2. Give t(0).
2
Let n(z) = z**3 + 6*z**2 - z - 6. Calculate n(-6).
0
Let x(i) = -10*i**2 - 48*i + 19. Give x(-5).
9
Let u(b) = -b**3 + 17*b**2 - 2*b - 215. What is u(16)?
9
Let v(o) = -10*o**3 - o**2 + 3*o + 3. What is v(-1)?
9
Let l(i) = i - 27. What is l(3)?
-24
Let v(i) = -i**3 - 8*i**2 - 13*i - 11. Calculate v(-6).
-5
Let q(k) = k**3 + 12*k**2 + 21*k + 13. What is q(-10)?
3
Let w(p) = -13*p**2 - p + 1. Determine w(-2).
-49
Let y(g) = -g + 10. Determine y(10).
0
Let x(u) = -u**3 - u**2 - 2*u + 13. Give x(0).
13
Let l(w) = 3*w + 55. Give l(-11).
22
Let u(a) = a - 35. Give u(-12).
-47
Let q(x) = -x**2 + 6*x - 1. Calculate q(6).
-1
Let z(n) = -5*n - 4. Calculate z(-4).
16
Let h(b) = 53*b + 15. What is h(-1)?
-38
Let x(p) = -2*p + 18. Give x(6).
6
Let m(h) = -h**3 + 10*h**2 + 11*h + 5. Give m(11).
5
Let d(w) = 30*w - 188. Calculate d(6).
-8
Let d(f) = -2*f**2 - 3*f + 8. Determine d(-4).
-12
Let t(k) = 14*k - 237. Calculate t(17).
1
Let l(v) = 4*v**3 - 4*v**2 - v + 7. Give l(2).
21
Let x(b) = b**3 - 2*b**2 - 2*b + 1. What is x(-2)?
-11
Let g(f) = f**3 - 7*f**2 - 7*f + 12. Calculate g(8).
20
Let f(y) = 6*y**2 + 11*y - 2. Calculate f(-5).
93
Let h(p) = -p + 37. What is h(0)?
37
Let h(v) = v**3 - 3*v**2 - 5*v + 14. Calculate h(4).
10
Let x(f) = f**3 + 10*f**2 - 7*f + 15. Calculate x(-11).
-29
Let k(n) = n**3 + 15*n**2 + 14*n + 11. Give k(-14).
11
Let h(b) = -b**3 + 6*b**2 + 9*b - 37. Give h(7).
-23
Let l(z) = -11*z - 20. Determine l(-4).
24
Let j(i) = i**3 + 2*i**2 + i + 32